 -w - y, -5*w = 9 + 1. List the prime factors of r.
2, 3, 37
What are the prime factors of (((-60516)/24)/(-41))/(2/428)?
3, 41, 107
Suppose -3026923 = -15*m - 111*m - 886939. What are the prime factors of m?
2, 11, 193
Let c = -17816 - -32005. List the prime factors of c.
7, 2027
Suppose 0 = 3*a - 2*r + 5 - 20, 2*a - 3*r = 15. Suppose -c + 340 = a*c. Suppose 0 = -6*z - c + 637. List the prime factors of z.
2, 23
Suppose 4*z = 24, -q + 3*z + 35724 = -0*q. List the prime factors of q.
2, 3, 7, 23, 37
Let d = 19207 + 13162. List the prime factors of d.
32369
Suppose 0 = -60*w - 16*w + 34808. What are the prime factors of w?
2, 229
Let n(p) = 166*p - 5391. What are the prime factors of n(120)?
3, 29, 167
Let h = -18563 - -20481. What are the prime factors of h?
2, 7, 137
Suppose 10 = -2*r, -32*n = -34*n - r + 15815. List the prime factors of n.
2, 5, 7, 113
Let i = 57 + -63. Let l be (-77712)/(-72) - 4/i. Suppose 5*j = -0*j + l. List the prime factors of j.
2, 3
Let t(f) = 2*f + 12. Let j be t(-2). What are the prime factors of ((-4)/6)/((-7)/(3108/j))?
37
Let t = 70880 - 32610. What are the prime factors of t?
2, 5, 43, 89
Suppose -3*p - 1669 = 5*l, p + 5*l = 2*p + 563. Let u = p + 913. List the prime factors of u.
5, 71
Suppose -21 = -3*f, 5*i + 1607*f = 1611*f + 112377. List the prime factors of i.
22481
Let w = 2355 + -1571. Suppose -6*b + w = 226. List the prime factors of b.
3, 31
Let r(u) = -2*u + 34. Let m be r(6). Let n be (-1)/(-3) + 644/12. Let f = n - m. List the prime factors of f.
2
Suppose 111*v = -149*v + 144560. What are the prime factors of v?
2, 139
Let f = 195 + -194. List the prime factors of (2 + -1)*46 + (-3 - f).
2, 3, 7
Let a(n) = 9*n**2 + 3*n + 59. Let x(j) = 11*j - 157. Let o be x(15). What are the prime factors of a(o)?
659
Let l be ((-64)/(-4) + 0)/(8/(-20)). List the prime factors of (l/25)/(1156/580 - 2).
2, 29
Suppose -2*u = 6, -h + 6*u + 5 = 5*u. Suppose 0*z - 2*z + 864 = -h*d, -3*z + 4*d + 1298 = 0. List the prime factors of z.
2, 5, 43
Suppose 22*w = -17038 - 1134. List the prime factors of (w/4)/(95/20 + -5).
2, 7, 59
List the prime factors of (2352/816)/(-49) + 1967344/34.
13, 4451
Let g(l) = -2*l**2 + 37*l + 42. Let p be g(20). What are the prime factors of (-12 + 6 + p)*69/(-6)?
2, 3, 23
Suppose -1596707 = -24*m - 255731. List the prime factors of m.
2, 7, 13, 307
Let l = 14 + 26. Let h = -15 + l. Suppose 21*g - h*g + 428 = 0. What are the prime factors of g?
107
Let p(j) = -6*j**2 + 7*j + 66. Let y(c) = -3*c**2 + 4*c + 34. Let n(k) = 2*p(k) - 5*y(k). What are the prime factors of n(16)?
2, 317
Let l(p) = -p**2 + p + 3. Let t be l(0). Suppose -m = -0*m - 4*o, -t*o - 1 = -m. Suppose -m*b + 8 = 0, -5*s + 671 = -2*s + 4*b. List the prime factors of s.
13, 17
Let q(p) = -11*p + 100. Let a = -49 - -11. List the prime factors of q(a).
2, 7, 37
What are the prime factors of 260/(-130)*((-4)/(-10) - 71609/10)?
14321
Let a(f) = -24121*f - 913. What are the prime factors of a(-1)?
2, 3, 967
Let q be (-8)/(-6)*(5 - 1016/16). List the prime factors of 4/26 + (-50922)/q.
653
Let r(t) be the first derivative of t**4/4 + 3*t**3 + 3*t**2 - 11*t - 15. Let u be r(-8). List the prime factors of (-59 + -1 + u)*-1*1.
5, 11
Suppose -9 = 2*w - 3, s + 11 = -3*w. Let v = -4328 - -6216. What are the prime factors of ((-1)/s + -2)*v/(-12)?
2, 59
Let o(t) = 39*t**2 - 86*t - 80. List the prime factors of o(-19).
3, 193
Suppose 60*a - 3*a - 806095 = 523430. What are the prime factors of a?
3, 5, 311
Let q(x) = x - 35. Let a(d) = 17. Let j(g) = 15*a(g) + 6*q(g). What are the prime factors of j(21)?
3, 19
Suppose -k = 2*v - 20853, 3406*v - 3408*v + 2*k + 20868 = 0. What are the prime factors of v?
10429
Let l(i) = 2*i**2 + 24*i - 1. Let c be l(-12). Let p(d) = 6*d**2 - 1. Let j be p(c). Suppose 83 = -j*a + 313. List the prime factors of a.
2, 23
Let j(l) = l**2 + 14*l + 1. Let k be j(-11). Let p = k + 34. Suppose 0 = -0*o + p*o - 62. What are the prime factors of o?
31
Let q = 4 + -4. Suppose 2*x - 4*z + 12 = q, 5*x + z + 0*z = 14. Suppose -x*t + 240 + 86 = 0. What are the prime factors of t?
163
Let x(g) = -g**2 + 7 - 4*g**3 + 9 + 1 - 15*g**2. What are the prime factors of x(-7)?
5, 11
Suppose g - 10212 = -5*d, -4*d + 2719 + 5455 = 3*g. Suppose -8*a - c = -3*a - 2039, -2*c = -5*a + d. What are the prime factors of a?
2, 3, 17
Let c(s) = -15*s**2 - 8*s - 24. Let u be c(-6). Let w = u + 1855. What are the prime factors of w?
13, 103
Let y = -4825 - -7802. List the prime factors of y.
13, 229
Suppose -78 = -5*f - f. Suppose f*h = -h + 3906. List the prime factors of h.
3, 31
Let u(j) = 9 - 7 - 45*j - 1. List the prime factors of u(-1).
2, 23
List the prime factors of 166398/10 + 8*10/(-100) + -2.
127, 131
Suppose 4*n = -8, -4*n - 60 + 10 = -2*f. Let a be (1 - (-15)/f) + 2/7. Suppose c = 5*y - 383, -a*c - 164 = -2*y + 2*c. What are the prime factors of y?
2, 19
Suppose -669 - 3831 = 10*v. Let y = -140 - v. What are the prime factors of y?
2, 5, 31
Suppose -58768 + 2470 = -32*s + 21*s. List the prime factors of s.
2, 3, 853
List the prime factors of (5/(-3))/((-4)/30*5)*30694.
5, 103, 149
Suppose -2*h = 3*j + 8 - 0, 3*j + 5 = h. Let f be (-20)/20*h*4. Suppose -5*m + i + 274 = -113, 0 = -f*m - 3*i + 302. What are the prime factors of m?
7, 11
Let g(k) = k**3 - 40*k**2 + 39*k + 481. List the prime factors of g(39).
13, 37
Suppose -3*c + 743 = 2*o + 130, -3*c + 5*o + 578 = 0. Suppose 4*t + 3*z = 804, -t - z - c = -2*t. List the prime factors of t.
3, 67
Let q(r) = 41*r + 218. Let z(w) = -8*w - 43. Let i(g) = 4*q(g) + 22*z(g). What are the prime factors of i(-23)?
2, 101
Let p(k) be the first derivative of -k**3/3 + 9*k + 1. Let o be p(3). Suppose -3*x + j + 86 = o, -j + 3 = 2. What are the prime factors of x?
29
Suppose 9*j = -8*j + 68. Suppose 167 = -j*z + 1939. List the prime factors of z.
443
Let l = 1080 + -1536. Let q = l - -890. List the prime factors of q.
2, 7, 31
Let d = -9976 - -27129. What are the prime factors of d?
17, 1009
Suppose -45*v + 220*v = -19*v + 5296782. What are the prime factors of v?
3, 19, 479
Let f(r) be the third derivative of r**4/6 + 151*r**3/2 + 9*r**2. Let l be f(0). Suppose -a + 4*a = -4*v + 488, l = 3*a - 3*v. What are the prime factors of a?
2, 3, 13
Suppose 30280 = 10*q - 128600. What are the prime factors of q?
2, 3, 331
Suppose 0 = -m - 4*q + 1938, m - 658 = 3*q + 1287. List the prime factors of m.
2, 971
Let c(n) = 159*n - 591. What are the prime factors of c(23)?
2, 3, 7, 73
Suppose 3*b - 12267 = 5*s, 0 = -0*s - 3*s - 18. List the prime factors of b.
4079
Suppose 3*n + 19253 = -p + 148583, -n - 2*p + 43100 = 0. List the prime factors of n.
2, 17, 317
Suppose -3*z + 5*i - 32 = -12, 4*z + i = -65. Let p = 21 + z. Suppose 2*r + 0*r = p. What are the prime factors of r?
3
Let o(j) = -12*j**3 + 14*j**2 + 19*j + 65. What are the prime factors of o(-7)?
2, 3, 263
Suppose 317 = 2*c + 5*h, 4*c + 4*h - 626 = 2*h. Suppose 5*t + 4*y - 258 = 0, 13*t - c = 10*t - 3*y. List the prime factors of t.
2, 5
Let g = 22598 + -18552. List the prime factors of g.
2, 7, 17
Let o be (-1527)/(-21) - 20/(-70). Suppose 0 = -o*v + 72*v + 53. Suppose -3*j - 3*s = -189, -2*j + v = -j - 4*s. List the prime factors of j.
61
Let m(u) be the third derivative of 1/12*u**5 - 29*u**2 + 0 - u**3 - 5/24*u**4 + 0*u + 1/120*u**6. What are the prime factors of m(-3)?
3
Let w = 65458 + -42838. What are the prime factors of w?
2, 3, 5, 13, 29
Suppose 2*h - 8 = 6*h, 5*h - 3 = k. Let b(z) = z**3 + 12*z**2 - 14*z - 13. Let t be b(k). Suppose t = -4*i - 2*i + 18. List the prime factors of i.
3
Let h(v) = -v**3 + 2*v**2 + 7*v - 5. Let r be h(3). Let t(l) = 3*l + 11. Let g be t(-5). What are the prime factors of g/7 - (-193)/r?
3
Suppose 5*z + 48 = 18. Let s be (-45)/135 - (-2)/z*-7. Suppose 126 = 5*a - p, s*a - 3*p - 48 = -2*p. List the prime factors of a.
2, 13
Suppose -120672 = -3*c + 5*o, -c - 3939 = -4*o - 44177. What are the prime factors of c?
2, 20107
Let s = 27 + 80. Let q = -330 + s. Let l = q + 392. List the prime factors of l.
13
Let k(x) = 12*x**2 - 9*x - x + 0*x - 17. What are the prime factors of k(-4)?
5, 43
What are the prime factors of 1251 - (7 + 0 + -9 + 1)?
2, 313
Suppose -40*r = -23*r - 170. Let a(t) be the first derivative of 11*